b = -24, 5*n = -b + 94. What are the prime factors of (n/4)/((-1)/(-4))?
19
Let w(c) = -c - 4. Let f be w(-3). Let d be f/1 - (-4 + 5). What are the prime factors of (-2)/(-12)*d*-51?
17
Suppose -4*l = -5*l + 2. Let k(n) = 5*n**3 - n**2 + 4*n. What are the prime factors of k(l)?
2, 11
Suppose 0 = 2*u + 13*u - 12000. List the prime factors of u.
2, 5
Suppose -2*c - 6 = -16. Suppose h - 6*h + c = 0. What are the prime factors of h*(-4 + 25 + -2)?
19
Let o(s) = -2*s**2 - 164*s + 41. List the prime factors of o(-66).
2153
Let u be 2 - -56*(2 - 1). Let n = 753 - u. What are the prime factors of n/11 + 6/(-33)?
3, 7
Suppose -3*d = d. Let n = -109 + 223. Suppose -7*q + n + 117 = d. List the prime factors of q.
3, 11
Suppose 0 = -33*w + 35*w - 870. Suppose 0 = 4*b + b - w. List the prime factors of b.
3, 29
Let u(m) = -3*m**3 + m**2 + 2*m + 4. Let n be u(2). What are the prime factors of (n/54 - 91/9)*-3?
31
Suppose 23 = -5*t + 48. Suppose 0 = -t*k + m + 54, 4*m = k - 0*k - 26. What are the prime factors of k?
2, 5
Let u(b) = -6*b**3 - 3*b**2 - 56*b - 26. What are the prime factors of u(-7)?
3, 11, 23
Let j = -16 + 67. Let x = 59 + j. List the prime factors of x.
2, 5, 11
Let v(r) = -r**2 - 11*r - 4. Suppose t = -t + 10. Suppose 4*k + 0*k = -t*b - 57, 2*k + 21 = -b. List the prime factors of v(k).
2, 5
Suppose 3*y = 4*t - 3, 5*y = 2*t - 4 - 1. Let u(l) = 4*l + t*l + l - l - 2. What are the prime factors of u(6)?
2, 11
Let q(y) = y**2 + y + 7. Let l be q(0). Suppose 0 = -l*r + r + 318. What are the prime factors of r?
53
Let d = -11 + 112. List the prime factors of d.
101
Let r(j) = -15*j - 5. Let m be r(-3). Let n = m - 18. List the prime factors of n.
2, 11
Let y(f) = -f**3 - 3*f**2 + 3. Let r be y(-3). Suppose r*n + 1 = 13. Suppose 0 = 5*h - 5*p - 15, n*h - 21 = -7*p + 2*p. List the prime factors of h.
2
List the prime factors of ((-130)/52)/((-5)/2908).
2, 727
Let k be -2 - 2*-2 - 0. Let h(t) = t**3 + 6*t**2 + 5*t + 10. Let y be h(-5). Suppose k*s - y = -6. List the prime factors of s.
2
List the prime factors of (-48)/(30/(-5)) + 1442.
2, 5, 29
Let d(r) = -r**2 - 12*r - 28. Let m be d(-12). Let a = m + 28. Suppose -j - 4*s + 35 = a, 13 = j - 2*s - 22. What are the prime factors of j?
5, 7
Suppose -69*z + 79*z = 4680. List the prime factors of z.
2, 3, 13
Let z(w) be the third derivative of 0 - 4*w**2 + 1/120*w**6 + 7/30*w**5 + 0*w - 19/6*w**3 + 1/3*w**4. List the prime factors of z(-13).
2, 23
Suppose 2*p - 2 = 2. Suppose -3*f + 3*n + 27 = 0, 2*f = -2*f + 3*n + 40. What are the prime factors of 4/2 + f - p?
13
Suppose -14 = -4*h + 2*l - 4*l, -3*h + 5*l = -17. Suppose -2*v - 147 = -3*f, 0*v = -5*f - h*v + 223. Let t = f - 22. What are the prime factors of t?
5
Suppose -3*q = -4*q - 4, 2*q = 4*p - 24. What are the prime factors of p/26 + (-19090)/(-130)?
3, 7
Suppose 6*f + 3 + 3 = 0. What are the prime factors of f*2/1 + 4 + 110?
2, 7
List the prime factors of 8 - (-10 + -360 - 11).
389
Let z be -1*13/(13/(-126)). Let q = -72 + z. What are the prime factors of q?
2, 3
Suppose -4*x + 3 = -3*x. Suppose -x*f + 101 + 91 = 0. What are the prime factors of f?
2
Suppose 0 = -3*u - 3 + 27. Suppose -5*k - 53 = -o, -o - k + 21 + u = 0. List the prime factors of o.
3, 11
List the prime factors of 9*(-8 + 3290/21).
2, 3, 223
Suppose 150 = -3*v + 2*o + 917, 3*v = -2*o + 751. Let r = v + -130. What are the prime factors of r?
3, 41
Let l = 6090 - 3246. List the prime factors of l.
2, 3, 79
What are the prime factors of (24/(-30))/((-17)/6120)?
2, 3
What are the prime factors of (-288)/504 - -1*(-16150)/(-14)?
1153
Let c(j) = 8*j + 27. Let m be c(14). Suppose 9 = -s + m. What are the prime factors of s?
2, 5, 13
Suppose -4*g + 10 = -10. Let a(k) = -247*k - 1 - 2 + g + 251*k. What are the prime factors of a(2)?
2, 5
Suppose -58 = -5*s - 8. Let b(p) be the first derivative of p**4/4 - 10*p**3/3 + p**2 - 12*p - 25. List the prime factors of b(s).
2
Let t = -11 + -9. Let d(a) = 4*a - 9. Let n be d(10). Let x = n + t. List the prime factors of x.
11
Let v(d) = d + 23. Let p be v(-4). Let b = 23 + p. What are the prime factors of b?
2, 3, 7
Suppose 0 = 3*l + 2*l - 50. Let n(d) = 2*d**2 - 11*d - 19. What are the prime factors of n(l)?
71
Let l(j) = 4*j**2 - 20*j - 75. What are the prime factors of l(-22)?
3, 13, 59
Let f(o) = -9*o**3 - o**2 + 2*o + 3. Let a be f(-1). Suppose a*g - 6*g + 15 = 0, 2*j - 477 = 3*g. List the prime factors of j.
3, 7, 11
Suppose 4*m = -3*d + 40, m - 3*m - 2 = -4*d. Let h(g) = -m*g - 9*g - 1 + 2*g. What are the prime factors of h(-1)?
13
Suppose -6*l + 10*l = 4. Let o(n) = 21*n - 2. What are the prime factors of o(l)?
19
Let p(z) = z**3 + z**2 + z + 1. Let d be (2/4)/(3/(-6)). Let x(v) = 3*v**3 - 4*v**2 - 8*v + 13. Let b(o) = d*x(o) + 2*p(o). List the prime factors of b(6).
7
Let p = 221 - -246. What are the prime factors of p?
467
Suppose -3*f - 30 = -8*f. Suppose -2*c = -f*c + 20. Suppose -u = -c*u + 40. List the prime factors of u.
2, 5
Suppose -5*s - 100 = -40. Let w be (-1166)/s + (-3)/18. Suppose 0 = -5*u - 3*v + 269, 5*u = -v + w + 166. What are the prime factors of u?
2, 13
Suppose 0 = 5*l - 24 - 66. Suppose 3*k = 5*n + 34, -k + l = -6*n + 3*n. Suppose -k*c - 87 = -3*x, 2*x + 4*c - 118 = -3*x. List the prime factors of x.
2, 13
Suppose -2*q = -q - 3*a - 1511, 16 = -4*a. What are the prime factors of q?
1499
Let z = 68 + -17. Suppose 5*i - 209 - z = 0. What are the prime factors of i?
2, 13
Let f(r) = r**3 + 7*r**2 - 9*r - 1. Suppose -2*n = 2*n + 32. Let u be f(n). What are the prime factors of 8/3*(-4 + u)?
2
List the prime factors of -2 + 5/(30/48).
2, 3
Suppose 3*y + v + 1462 = 6*y, -y + 466 = 5*v. What are the prime factors of y?
2, 3
What are the prime factors of (-1*(-44)/(-33))/((-1)/1146)?
2, 191
What are the prime factors of 15/(-15)*(2 + 3 + -52)?
47
Let y = -15 - 21. What are the prime factors of 189/y*32/(-6)?
2, 7
What are the prime factors of (-564)/(-18)*873/6?
47, 97
What are the prime factors of (-1)/(117/(-128024)) + 2/(-9)?
2, 547
Suppose -3*c + 4*a = -4273, 42*c - 39*c - 2*a = 4271. What are the prime factors of c?
1423
Suppose 2*z = -4*j - j + 6629, 4*z + 3993 = 3*j. Suppose 0 = -14*s + 283 + j. What are the prime factors of s?
5, 23
Suppose 3*y = 2*y + 2159. Suppose 0 = 10*j - y + 689. What are the prime factors of j?
3, 7
List the prime factors of (3 + -3053)/(3 - (7 - 3)).
2, 5, 61
Let t(m) = m**3 + 11*m**2 - m - 8. Let s be t(-11). Suppose s*k = -k. Suppose 4*h - 252 = -k*h. List the prime factors of h.
3, 7
Suppose -4*v = 2*j - 366, 10 = -5*v + 3*v. List the prime factors of j.
193
Let t = 21 + -33. What are the prime factors of (-4)/t*37*3 + 0?
37
Suppose -2 - 3 = -x. Suppose -5*w + x*u = -20, -w + u + 18 = 2*w. List the prime factors of w.
7
Suppose -9*r = -3*r - 18. Let h(g) = 3*g**2 + 3. What are the prime factors of h(r)?
2, 3, 5
Let b(q) = 2*q**2 - 2*q - 13. Suppose 6 = m + 5*a, 10 = -2*a + 7*a. What are the prime factors of b(m)?
3
Let p(m) = 7 - 4 + 2 + m. Let b be p(-4). What are the prime factors of (-22)/(2*(-2 + b))?
11
Let m be (-2 + 2)*(-4)/(3 - 7). Suppose 0 = 3*o - 2*o + 2*p - 3, m = 5*p + 20. List the prime factors of o.
11
Let v(r) = -146 - 150 + 2*r + 39*r**2 + 295. Let t be ((-1)/4)/(2/(-8)). What are the prime factors of v(t)?
2, 5
Suppose 0*a + 59 = 4*m + a, -3*m + 5*a = -50. Let l(f) = -f**2 + 6*f - 3*f - 14 + 15*f. What are the prime factors of l(m)?
31
Let g = -42 + 45. Suppose 5*m - 6 = -i, -7*m = -2*m + 2*i - 7. List the prime factors of -25*m/(g/(-3)).
5
Let m(c) = -c**3 - 3*c**2 + 4*c + 5. Let r be m(3). Let h be (16/(-3))/(4/18). Let t = h - r. List the prime factors of t.
13
Let g = 32 - -23. Suppose -1285 = -6*i - g. What are the prime factors of i?
5, 41
Suppose -5544 = 209*k - 212*k. List the prime factors of k.
2, 3, 7, 11
Let j be 17/2 - (8 + 105/(-14)). What are the prime factors of 163 + 0 - j/(-4)?
3, 5, 11
Suppose 3*a - 651 = -3*z, -2*z + 3*a + 449 = 2*a. What are the prime factors of z?
2, 3, 37
Suppose 70*b - 53*b = 43758. What are the prime factors of b?
2, 3, 11, 13
Suppose 8*j + 61 = 77. Let s be (-1 - -2 - 31)*-2. Suppose -j*m = -m - s. List the prime factors of m.
2, 3, 5
Let x(n) = 4*n**2 + 88*n - 7. Let k(f) = -3*f**2 - 59*f + 5. Let h(v) = 7*k(v) + 5*x(v). L